 + 0?
-3
What is the value of -1 + (-1 - -5) + (-8 - -1)?
-4
What is the value of (-4 - -4 - 2) + -2?
-4
What is -1 + 1 + -7 + (11 - 1)?
3
What is -1 - (-3 + 8 - 4)?
-2
6 + -5 + 0 + -3
-2
Evaluate (12 - 7 - 5) + -4 + 15.
11
What is (-20 - -10 - -9) + 9?
8
Calculate -6 + (14 + -13 - -2).
-3
Evaluate (-7 - -4) + 12 + -2 + -2.
5
What is the value of (3 + 2 - 6) + 7?
6
-2 - -5 - (6 - 3)
0
Evaluate 8 + -10 + 2 + 4.
4
Evaluate (8 - 1) + -5 + -2.
0
What is (-4 - -2) + -3 + 3 + 3?
1
((2 - 1) + 4 - 4) + -1
0
1 + 0 + -3 + -93 + 99
4
What is 0 + 10 + -3 - 0?
7
Evaluate -3 + 5 + (-11 - -4) - -3.
-2
What is 13 + -2 - (-7 + 23 + -15)?
10
What is (-2 - 1) + 1 - (-394 + 388)?
4
Calculate (-1 - 3) + (1 - -3).
0
Evaluate 1 + 0 + 3 - (26 + -22).
0
What is 3 + -6 + (4 - (2 - 1))?
0
Calculate (2 - 5) + 9 + -5.
1
Evaluate (-2 - -6) + 11 + -14.
1
What is (-3 - (-1 - 3)) + 3 + -3?
1
Evaluate -8 - -1 - (11 - (44 + -21)).
5
Evaluate 10 + -2 - (-81 - -93).
-4
1 - (0 - -1) - (0 + -1)
1
What is 5 + -15 + 7 - -8?
5
Evaluate 1 - ((-2 - -6) + (17 - 23)).
3
What is (4 + -8 - -3) + 2?
1
Calculate 1 + (0 - 1 - 1) - -2.
1
Evaluate (3 - 6) + 13 + -20.
-10
Evaluate (-2 - 2) + 3 + -1.
-2
Calculate 4 + (-2 - (-4 + (2 - -2))).
2
Evaluate (-9 - -23) + (1 - 6).
9
(-17 - -9) + 20 + -15
-3
What is the value of -7 + 8 + 6 - -1?
8
What is the value of (-6 - (3 + -3)) + 5 - 0?
-1
Evaluate (2 + -7 - 2) + 15 + -13.
-5
(-7 - -1) + (29 - 24)
-1
Calculate 1 + -1 + 4 + -4 + 5.
5
Calculate -6 + (1 - 1) - (-456 - -445).
5
(3 - (33 + -15)) + 11
-4
What is the value of 0 - (1 + (-7 - -7))?
-1
Evaluate 7 + 0 + (-4 - 0).
3
Calculate 0 - (9 + (-4 - 3)).
-2
Evaluate 7 + (0 - 5) - 5 - -1.
-2
(-17 + 24 - (0 - -3)) + 0
4
What is the value of -2 - -3 - (-5 + 1 + 7)?
-2
Evaluate -3 + 7 - (0 - -7).
-3
Calculate 7 + (1 - 0) + -2 - 6.
0
Evaluate -15 - -8 - (-2 - 4 - -2).
-3
Evaluate 2 - (4 - (9 - 5)).
2
0 + 1 + -1 + 0 + -1
-1
What is the value of (10 + -10 - 8) + 4?
-4
(4 - 0) + 5 + 0 + -9
0
Calculate -4 + (-8 + 0 - -9).
-3
Evaluate (4 + -5 - 1) + 2.
0
Calculate -4 + 2 + 1 + -8.
-9
Evaluate 1 - 7 - (6 + 1 + -8).
-5
What is the value of (8 + 2 - 9) + 3?
4
What is the value of (12 - 5) + -7 - 5?
-5
What is the value of -3 + (-7 - -1) - -11?
2
Calculate 3 - (1 - -4) - (8 + -6).
-4
What is the value of -13 - (12 - 14 - 3)?
-8
Evaluate (1 - 4) + 0 + 2.
-1
Calculate 1 + 2 + -1 - -2.
4
Calculate 3 + (-2 - (-1 + 0)).
2
What is 13 + -8 + 0 + -4?
1
9 + (8 - (24 - 7))
0
20 + -9 + 1 + -14
-2
Evaluate 1 + -3 + 14 - (29 - 24).
7
Evaluate -65 - -57 - (0 + 1 - 8).
-1
What is the value of (-5 - -4 - -1) + -4?
-4
-1 + -2 + (5 - 0)
2
What is -4 - (-3 + (-1 - -1))?
-1
Calculate 69 + -69 + -1 + -2.
-3
(1 - -2) + 4 + (-2 - 1)
4
(-4 + 2 - 0) + -1 + 0
-3
Evaluate (-2 + 7 + -7 - -1) + -4.
-5
Calculate 6 + (-7 - 0 - -3 - -3).
5
Calculate -1 - (5 + 1 + -4).
-3
Calculate 3 - -1 - (13 - (11 + -4)).
-2
Evaluate 0 + (-3 - -5) + 1 + -4.
-1
What is the value of (61 - 56) + (-2 - 0) + -2?
1
What is 0 + -1 + 2 + (-8 - -6)?
-1
-3 + 4 - 1 - 2
-2
Calculate -2 + (-5 - -12) + 4 + -5.
4
What is 8 + (-4 - (-9 - (-7 - -1)))?
7
Calculate 5 + 6 + (-19 - -17).
9
What is 0 + -6 + 14 - 5?
3
What is the value of 2 + 0 - 7 - (-321 - -323)?
-7
Evaluate 6 + (-7 - -1) - (0 + -5).
5
Calculate (-4 - -4) + (2 - 1).
1
Evaluate 6 + (-1 - (6 + -3)) + 0.
2
Calculate 1 + -5 + -2 + 1 + 1.
-4
-3 - (2 - 3 - 1)
-1
What is -10 + (3 - 3) + 8?
-2
(5 - 2) + -41 + 35
-3
Calculate -2 - (2 - (-3 - (3 + -9))).
-1
What is -3 + (-6 - (7 + (-18 - -5)))?
-3
What is the value of 1 + 2 + 1 - (21 + -17)?
0
Evaluate -1 + (2 - 7 - (0 - 3)).
-3
Calculate 8 + -4 + 2 - 1.
5
Evaluate 5 + -4 + 2 - -1.
4
11 + (2 - (1 - (-2 - 3)))
7
(-3 - 4 - -21) + -6 + -7
1
4 - (10 + -4) - -1 - 6
-7
Evaluate 0 + (-5 + -3 - 0) + -2.
-10
What is the value of 0 + -1 + 0 + 4 + -2?
1
What is (2 - 0) + (2 - 7) + 9?
6
(-3 - 2) + (-5 - 2 - -9)
-3
What is (-1 - 0) + (5 - (-7 - -10))?
1
What is 1 - -1 - (9 + -2 + -8)?
3
Calculate 0 + (1 - 2) - -6.
5
What is 5 + (1 + (-6 - 2) - -1)?
-1
What is the value of -3 + 4 - (-54 + 52)?
3
What is the value of ((2 - 6) + -1 - 2) + 3?
-4
Calculate -10 - ((-4 - 2) + -2) - -4.
2
-8 - (4 + -7) - 2
-7
What is 7 + (3 - 6) - (0 + 8)?
-4
2 + 2 - (-1 - 1 - -2)
4
Calculate 2 - 3 - 4 - -4.
-1
What is 1 + (0 - 6) + 6?
1
What is the value of 7 + (-1 - 2) + -6 - -3?
1
What is the value of (7 - 8 - -8) + -7?
0
Evaluate 2 + -4 - 0 - (3 + -5).
0
Calculate 30 + -24 + 2 + -4 + -7.
-3
Calculate 4 + 8 + -4 + (4 - 14).
-2
(-1 - 5) + 23 + -33 + 7
-9
What is the value of 2 + 0 + -1 - (-34 - -37)?
-2
Calculate 4 + (3 - 5) - (1 + -2).
3
What is the value of 4 + (9 - 8 - 3)?
2
Evaluate 6 + -7 + -2 + (-2 - -1).
-4
Calculate -2 - (10 + -5 + 1 + -3).
-5
Evaluate (2 - (4 + 1)) + 5.
2
What is -6 + 5 - -7 - 6?
0
Calculate 7 + (-5 - (-5 - 0)) + -1.
6
Calculate -9 + (2 - (0 + 0)).
-7
What is -32 + 20 - (-4 + -4)?
-4
Calculate (7 - 4 - 4 - 2) + 7.
4
Calculate 9 - (1 - -19) - -3.
-8
Calculate 5 - ((13 - 4) + -5).
1
84 + -77 - (15 - 1)
-7
Evaluate 13 + (-5 - -2) + -6.
4
-3 + 5 + 0 + 0 + -3
-1
(-3 - 2) + 2 + 5 + 0
2
Evaluate 9 - 2 - (-1 + 1 + 0).
7
Evaluate 11 + 0 + (-18 - -7).
0
Calculate -10 + 16 - (2 - -12).
-8
(9 - (-5 + (-2 - -7))) + -2
7
What is the value of 4 + (1 - (5 + 1 + 1))?
-2
Calculate (1 - (5 - -2) - -7) + -6.
-5
What is the value of 2 + 2 - (-1 + 2 + 8)?
-5
What is -3 - (2 + -10 + -1) - 12?
-6
-4 + 1 - -7 - (1 + -2)
5
Calculate 1 + (1 - (-11 - -15)).
-2
What is the value of 4 + (-2 - 14 - -4) + 3?
-5
What is the value of (-2 - (-2 - (-8 - -4))) + 9?
5
(3 - 2) + -6 + 10 + -2
3
What is 10 + -4 + (-6 - -5)?
5
What is the value of 25 + -26 + (-5 - -12)?
6
Calculate 3 + (5 - 13) - -6.
1
What is the value of (-1 - 0) + -2 - (-28 + 24)?
1
0 + 9 + (2 - 15)
-4
Calculate 1 + 0 + (15 - (15 - -3)).
-2
What is the value of (5 - (0 - 3)) + -5 - 8?
-5
Calculate 20 - 24 - (-2 + -7).
5
What is (-5 - (19 - 18)) + (0 - 0)?
-6
What is 1 + 3 - (-12 + 12)?
4
Evaluate 1 - -1 - (7 + -9 - -3).
1
Calculate 1 + -2 + -1 - (9 - 12).
1
Calculate 2 + -7 + 1 - -4.
0
What is 5 - (2 + 4 - 4)?
3
What is -3 + -1 + 2 - (9 + -14)?
3
Evaluate 7 + -6 + 5 + -4 + 0.
2
Calculate -2 + 3 - -5 - 4.
2
What is 12 + -7 + 10 - 11?
4
Calculate -9 + 6 - -5 - (-2 + 9).
-5
9 - ((-10 - -14) + -2)
7
Evaluate 0 - (7 + -4 + -5).
2
Evaluate (-10 - -7) + -2 + 13 + -4.
4
What is 2 + -8 - (0 - 2)?
-4
Evaluate (-3 - 5) + (6 - -2).
0
Evaluate -10 - -6 - 0 - (-9 + -1).
6
What is the value of -8 - -10 - (-1 - -3)?
0
What is (-1 - ((-5 - -7) + 0)) + 4?
1
What is -3 + (2 - -1) + (-1 - 1)?
-2
What is the value of -7 + 18 + 2 + -3?
10
What is the value of 1 - (0 + -4 + (-4 - -10))?
-1
Calculate 9 + -2 - (-1 + 2 + 1).
5
3 + 8 + (7 - 15)
3
What is -1 - (2 - (-4 - (-7 - -2)))?
-2
(8 - 11) + -6 + 3 + 2
-4
What is the value of (7 + -3 + -2 - 2) + -3?
-3
What is the value of (-24 - (-7 + -1 + 0)) + 8?
-8
Calculate -57 + 49 - (-15 - -1).
6
What is the value of (1 - 2 - (5 + -8)) + 1?
3
What is -3 - ((0 - 2) + 1 + -5)?
3
Calculate 13 - (11 + -2) - (13 - 3).
-6
What is the value of 0 + -1 + 2 - 1?
0
Evaluate (-3 - (-3 + 3)) + 5.
2
What is -7 + (0 - -3) - (-5 + 4)?
-3
Evaluate (2 - -7 - 2) + -1.
6
What is the value of -2 + 2 + -4 + 4 + 1?
1
Calculate (-1 + 0 - (4 + -6)) + -6.
-5
Evaluate -3 - (0 - (4 + -4)).
-3
What is the value of -6 - (-5 + 4 + -16 - -5)?
6
Calculate (12 - 11) + -2 + (7 - 2).
4
What is 7 - (7 - 2 - 1 - 1)?
4
Evaluate -14 - -9 - (-1 + 0).
-4
Calculate 1 + -4 + -6 - -3.
-6
Calculate (3 - -9) + -4 + 0.
8
What is the value of -3 - (11 + -8 - (2 - 0))?
-4
What is 3 + (-1 - -3) + (-7 - -8)?
6
What is 1 + (-4 - -4) + -2 + -2?
-3
Evaluate -5 + 8 - (2 + (3 - -2)).
-4
-4 + -1 + (3 - 2 - -5)
1
What is -10 + 5 + (6 - 0) - 8?
-7
Calculate 8 - (-2 - -4) - (-6 + 12).
0
Calculate -1 + 5 + 0 - (2 + 0).
2
What is the value of -14 + 6 + 5 + 0 + -6?
-9
Calculate (-2 - (0 + -3)) + 0.
1
What is 6 - (2 + -1 - -2)?
3
Evaluate (-2 - -5 - 4 - -6) + -7.
-2
Evaluate 1 + 3 + 1 - 2.
3
What is -12 + 15 + (-1 + 2 - 3)?
1
Calculate -4 + 0 + 3 - -4.
3
What is the value of 0 + (8 + -8 - (3 - -1))?
-4
What is the value of 9 + (-5 - 10) + 1?
-5
(-4 - 0) + 14 + -6
4
Calculate 6 + 0 + -14 - -13.
5
Calculate -3 + -2 + -3 + 3 + 5.
0
What is the value of -12 - -9 - (14 + -2 - 5)?
-10
What is -4 - (-2 - (